16*s**2 - 25*s - 20. What are the prime factors of z(11)?
5, 1151
Let s be ((-837)/45)/(2/(-10)). Suppose -h = 4*b - 73, -4*b + s = -0*b + 5*h. Suppose -b*g = -15*g - 142. List the prime factors of g.
71
Let q(h) = 77*h**2 + 13*h - 9. Let t be q(4). Let w = t - 771. What are the prime factors of w?
2, 3, 7
Let s be (-34)/85 + 12/5. Suppose b + 192 = c, 4*c - 7*b - 763 = -s*b. List the prime factors of c.
197
Let y be ((-6)/2)/(-4 - (-52)/16). Suppose 0 = -l - 2, y*g - 78 = -l + 140. Let c = g + -13. List the prime factors of c.
2, 3, 7
Let p(a) = a**2 - 11*a + 49. Let f(y) = -10*y + 50. Let r(j) = -4*f(j) + 3*p(j). What are the prime factors of r(-9)?
127
Let t be -5 - (-14)/21*15. List the prime factors of (-4)/30 + t + (-11661)/(-45).
2, 3, 11
Suppose -5*o + 5*r + 2540 = 0, -454*o + r + 2540 = -449*o. List the prime factors of o.
2, 127
Let v(r) = 116*r**2 - 11*r + 1. Suppose -17*j - 10 = 7. What are the prime factors of v(j)?
2
Let i(a) = 696 + 707 + a + 2*a**2 - 1416. List the prime factors of i(-5).
2
Let s(t) be the third derivative of t**6/120 - t**5/5 + t**4/2 - 3*t**3/2 + 20*t**2. Let a be s(11). What are the prime factors of 203/3 - (16/6 - a)?
67
Suppose -5*p - 136 = 179. Let g be (-4 - p/6)*-2. List the prime factors of (g/(-13))/((-2)/(-52)).
2, 13
Suppose 5*r = -3*p + 2*p + 67, -37 = -3*r + p. Suppose f + r*f = 2072. What are the prime factors of f?
2, 37
Suppose 2 = -i - r, -r = -5*r - 4. Let d be (-64 - 4 - -4)*i. Suppose -f + 4*c = 3*c - 52, -d = -f + 5*c. List the prime factors of f.
7
Let m(b) = b**2 - 3*b - 7. Suppose 13 = -3*n + 31. Let c be m(n). Suppose 7*i = c*i - 588. What are the prime factors of i?
3, 7
What are the prime factors of 7 - -1665 - (-4)/20*(-200)/8?
1667
Let n = 15 - 20. Suppose -v = 4*v + 2380. List the prime factors of v/n + (-5)/25.
5, 19
Let l = -5255 - -7748. List the prime factors of l.
3, 277
Let w(v) = 35*v + 138. Let l be w(-4). List the prime factors of 6*l/(-9)*315/30.
2, 7
Let m be (42/(-2 + -1))/(3 + -5). Suppose -4*f = 3*r, -3*r = -f - m*r. Suppose f = 2*c - 24 - 150. List the prime factors of c.
3, 29
Suppose 5*u + 5*s + 8835 = 0, 3*u + 46*s - 48*s + 5306 = 0. Let w = u + 2692. List the prime factors of w.
2, 3, 7, 11
Let h = -8 - -18. Let q be h/3 - 10/30. Suppose 0 = -4*i + c + 56, -q*i - i = -4*c - 68. What are the prime factors of i?
13
Let w(r) = r**2 - 16. Let l be w(14). Suppose 0 = -d - 4*d + l. Let s = d - 31. What are the prime factors of s?
5
Suppose -13*f = 39 + 13. Let o be (f/6)/(20/(-5190)). Let t = 269 - o. What are the prime factors of t?
2, 3
Suppose -4*j = 2*h - 316, -4*h + 468 = -h + 4*j. Suppose 156*k - h*k - 552 = 0. What are the prime factors of k?
2, 3, 23
Let z(b) = b**3 + 3*b**2 - 7*b + 76. List the prime factors of z(15).
4021
Let g(x) = 2*x**3. Suppose -5 = 3*l - 8. Let u be g(l). Suppose 5*k + 219 = u*b, 2*k + 576 = 5*b - k. What are the prime factors of b?
3, 13
Let i(v) = 607*v**2 + 39*v + 296. List the prime factors of i(-8).
2, 3, 809
Let g = -262 + 4695. Suppose -9*h = -g - 1651. List the prime factors of h.
2, 13
Let j(q) = -q**2 + 6*q + 8. Let m be j(5). Suppose n = -5*l + 353, -4*l + 357 = -m*n + 14*n. What are the prime factors of n?
373
Let t(b) = 2*b**2 + 20*b - 92. Let h(x) = 4*x - 33. Let y be h(12). List the prime factors of t(y).
2, 7, 47
Let r = 195 - 191. List the prime factors of r/16 - (2 - (-3070)/(-8)).
2, 191
Suppose -7*g - 54 = -5*g - 2*q, -81 = 3*g + 2*q. What are the prime factors of 6/g + (-4602)/(-54)?
5, 17
Suppose 22*d = 23*d - 5*n - 178, -380 = -2*d + 4*n. Suppose 5*q = s + 20, 5*q + 4*s - 24 - 21 = 0. Suppose q*v - d = 42. What are the prime factors of v?
2, 3
Let x = -9302 - -21241. List the prime factors of x.
11939
Let i(h) be the third derivative of 11*h**4/12 + 53*h**3/6 - 2*h**2 + h. What are the prime factors of i(11)?
5, 59
Let c be -7 + 20 - (-1 + 6). Suppose -c*s + 6945 = 7*s. List the prime factors of s.
463
Let c be ((-12)/6 - -2)/1. Suppose c = 17*g - 21*g + 2288. List the prime factors of g.
2, 11, 13
What are the prime factors of ((-19)/(-10) + 2/(-5))/(1389/29615332)?
2, 15991
Suppose -110 = -4*o - 90. Suppose -a + 5*w = a - 253, 4*a + o*w - 491 = 0. What are the prime factors of a?
2, 31
Let p = 138 - 126. Let q(g) = 4 - 1107*g**2 + 16*g + 1110*g**2 + p. List the prime factors of q(-7).
3, 17
Suppose 4*z - 1 = -2*m + 27, 4*m = 3*z + 12. Let u be (-1 + 1 - m)/(-2). List the prime factors of (2/u)/((-1)/(-54)).
2, 3
What are the prime factors of 21*24/56 + 5*4750?
23, 1033
What are the prime factors of (19688/(-2))/((-2)/6 - (-1)/(-6))?
2, 23, 107
Let f(a) = -a + 20. Let c be f(20). Suppose -40*i + 45*i - 55 = c. What are the prime factors of i?
11
Let h(w) = -8 - 39*w**2 + 5*w**2 + 2*w + 0 + 9. Let u be h(3). Let l = -185 - u. What are the prime factors of l?
2, 3, 19
Let g = -8044 - -14247. List the prime factors of g.
6203
Let n be 9/6*600/90. Suppose -23820 = -5*f - n*f. List the prime factors of f.
2, 397
Let f(x) = x**2 - x - 116. Let d be f(8). Let m = d - -296. What are the prime factors of m?
2, 59
Let m be 50*((-1)/3)/((-4)/12). Let z = 43 - m. Let h(s) = s**3 + 8*s**2 - 2*s + 7. What are the prime factors of h(z)?
2, 5, 7
Let s(o) = -2693*o + 3068. List the prime factors of s(-7).
23, 953
Let g(p) = -p**2 + 11*p - 30. Let s be g(6). Let d be (-1 - s)/((-13)/1729). Let l = d + -110. What are the prime factors of l?
23
Suppose 0 = 3*l, 11*p + 115972 = 7*p + 8*p + 3*l. What are the prime factors of p?
79, 367
Suppose -2*h - 409 = 3*f, -3*f = -4*h + 7*h + 606. Let y = h + 1035. List the prime factors of y.
2, 419
Suppose 2*f = 3*i + 180 + 1529, i + 588 = -3*f. Let y = i - -937. List the prime factors of y.
2, 7, 13
Let i be (13/5 - 1)/(4/290). Suppose -124 - i = -r. List the prime factors of r.
2, 3, 5
Let b = 59 + 236. Suppose 0 = 2*l + 8, -481 = -2*n + 4*l + b. What are the prime factors of n?
2, 5, 19
Let h(y) = 275*y**2 + 104*y - 16. List the prime factors of h(-8).
2, 3, 349
Suppose 217428 = 77*y - 412052 - 720869. List the prime factors of y.
13, 19, 71
Suppose -2*p = -7*n + 8*n + 5, -3*n = p + 10. List the prime factors of ((-1078)/462)/((2/n)/2).
7
Suppose 6*o - 231 = -219. List the prime factors of (-21060)/(-24) + (3 - 7/o).
877
Suppose -49*z + 48*z - o = -7510, -37518 = -5*z + 3*o. List the prime factors of z.
2, 3, 139
Let p(y) be the first derivative of 17*y**4/6 - 3*y**2/2 - 9*y + 21. Let d(j) be the first derivative of p(j). What are the prime factors of d(2)?
7, 19
Let d = -3120 - -8992. List the prime factors of d.
2, 367
Let k(c) = -c**2 - 7*c. Let m be -5*(8/(-10))/(-2) + -3. Let s be k(m). What are the prime factors of s/(-45) - 569/(-9)?
3, 7
Suppose 10*l - 40*l = 400*l - 28091470. What are the prime factors of l?
11, 5939
Suppose 160299 = 970*g - 998*g + 450799. What are the prime factors of g?
5, 83
Suppose 15*i - 67 - 8 = 0. Suppose -i*a + 2305 = 3*n - n, 1861 = 4*a + 5*n. What are the prime factors of a?
3, 17
List the prime factors of (-2*1)/((-1030410)/(-73602) - 14).
2, 3, 29, 47
Let z(w) = -5 - 5*w + 25*w**2 + 5*w + 8. Let p(r) = -r**3 + 65*r - 6. Let d be p(8). List the prime factors of z(d).
103
Let f be (-25 - 15)*4/(-5). Suppose f*g = 31*g + 73. What are the prime factors of g?
73
Let x = 3726 - 772. List the prime factors of x.
2, 7, 211
Let d(j) be the first derivative of -12*j**2 - 92*j + 1227. Let o = -16 + 7. List the prime factors of d(o).
2, 31
Let z = 55384 - 6353. What are the prime factors of z?
49031
Let k(l) = l**3 + 16*l**2 - 19*l - 33. Suppose -84 = 5*v + w, 12 + 18 = -2*v - 4*w. Let a be k(v). List the prime factors of 181 + ((3 + -5)*a - -1).
2, 3, 5
Let o(q) = 44*q**2 - 3*q - 2. Let u be o(-1). Let x = u + -43. What are the prime factors of 1 + -4 + x*82/4?
2, 19
Suppose 4*v + 883652 = -15*v. What are the prime factors of v/(-84) + (-1)/(-3)*1?
2, 277
Suppose -148*b + 6858106 - 957938 = 0. List the prime factors of b.
2, 31, 643
Suppose 0 = -5*g + 604 + 451. Suppose 53 = -4*f - g. Let t = -27 - f. List the prime factors of t.
3, 13
Suppose 33*u - 2573 - 4159 = 0. Let w = 0 - 0. Suppose w = 70*m - 67*m - u. List the prime factors of m.
2, 17
Suppose 0 = 36*w + 66606 - 282894. Suppose w = -135*n + 143*n. List the prime factors of n.
751
List the prime facto